{"id":253,"date":"2016-11-10T12:18:38","date_gmt":"2016-11-10T14:18:38","guid":{"rendered":"http:\/\/digitalagency.skat.tf\/?page_id=253"},"modified":"2017-07-26T12:30:14","modified_gmt":"2017-07-26T15:30:14","slug":"quem-somos","status":"publish","type":"page","link":"https:\/\/freesolo.com.br\/pse-freesolo\/inicio\/quem-somos\/","title":{"rendered":"Quem Somos"},"content":{"rendered":"<div class=\"wpb-content-wrapper\"><p>[vc_row centered=&#8221;yes&#8221; bg_type=&#8221;image&#8221; parallax_style=&#8221;vcpb-default&#8221; bg_image_new=&#8221;id^1762|url^http:\/\/freesolo.com.br\/pse-freesolo\/wp-content\/uploads\/2016\/11\/banner-pse-quem-somos.jpg|caption^null|alt^null|title^banner-pse-quem-somos|description^null&#8221; bg_image_repeat=&#8221;no-repeat&#8221; bg_image_size=&#8221;initial&#8221; bg_image_posiiton=&#8221;center left&#8221; padding_top=&#8221;115px&#8221; padding_bottom=&#8221;115px&#8221; sd_margin_bottom=&#8221;0px&#8221;][vc_column]<div id=\"ultimate-heading-993469dc2ae723629\" class=\"uvc-heading ult-adjust-bottom-margin ultimate-heading-993469dc2ae723629 uvc-3977 \" data-hspacer=\"line_only\"  data-halign=\"left\" style=\"text-align:left\"><div class=\"uvc-main-heading ult-responsive\"  data-ultimate-target='.uvc-heading.ultimate-heading-993469dc2ae723629 h2'  data-responsive-json-new='{\"font-size\":\"desktop:36px;\",\"line-height\":\"\"}' ><h2 style=\"font-family:&#039;Roboto&#039;;font-weight:300;color:#243c4f;margin-bottom:10px;\">Sobre a PSE-Freesolo<\/h2><\/div><div class=\"uvc-heading-spacer line_only\" style=\"topheight:1px;\"><span class=\"uvc-headings-line\" style=\"border-style:solid;border-bottom-width:1px;border-color:#de8760;width:50px;\"><\/span><\/div><\/div>[\/vc_column][\/vc_row][vc_row centered=&#8221;yes&#8221; sd_margin_bottom=&#8221;0px&#8221;][vc_column]<div class=\"ult-spacer spacer-69dc2ae72368d\" data-id=\"69dc2ae72368d\" data-height=\"50\" data-height-mobile=\"50\" data-height-tab=\"50\" data-height-tab-portrait=\"\" data-height-mobile-landscape=\"\" style=\"clear:both;display:block;\"><\/div>[vc_row_inner][vc_column_inner]<div id=\"ultimate-heading-554069dc2ae7236bb\" class=\"uvc-heading ult-adjust-bottom-margin ultimate-heading-554069dc2ae7236bb uvc-6329 \" data-hspacer=\"line_only\"  data-halign=\"left\" style=\"text-align:left\"><div class=\"uvc-main-heading ult-responsive\"  data-ultimate-target='.uvc-heading.ultimate-heading-554069dc2ae7236bb h3'  data-responsive-json-new='{\"font-size\":\"desktop:30px;\",\"line-height\":\"\"}' ><h3 style=\"font-family:&#039;Roboto&#039;;font-weight:300;margin-bottom:10px;\">Quem Somos<\/h3><\/div><div class=\"uvc-heading-spacer line_only\" style=\"margin-bottom:30px;height:2px;\"><span class=\"uvc-headings-line\" style=\"border-style:solid;border-bottom-width:2px;border-color:#de8760;width:50px;\"><\/span><\/div><\/div>[vc_column_text]A PSE-FREESOLO surgiu da uni\u00e3o das empresas PSE Engenharia e Seguran\u00e7a de Processos Ltda e\u00a0FREESOLO Ltda, que decidiram reunir a experi\u00eancia de suas equipes adquiridas ao longo de mais de 30 anos de viv\u00eancia profissional em ind\u00fastrias, empresas nacionais e multinacionais, empresas de consultoria ambiental e outras, para oferecer servi\u00e7os com elevada qualidade e pre\u00e7os competitivos.<\/p>\n<p>Realizamos consultoria nas \u00e1reas de seguran\u00e7a de processo, engenharia industrial, energia, meio ambiente e oferecemos tamb\u00e9m consultoria comercial para fornecimento de equipamentos assess\u00f3rios industriais. Com larga experi\u00eancia no setor de bioenergia (a\u00e7\u00facar &#8211; etanol &#8211; energia) e agroind\u00fastrias, especificamos os equipamentos e instrumentos mais adequados para cada situa\u00e7\u00e3o, obtendo a melhor rela\u00e7\u00e3o custo\/benef\u00edcio para o cliente.<\/p>\n<p>Elaboramos estudos e projetos nas \u00e1reas de seguran\u00e7a de processo, avalia\u00e7\u00e3o de processos industriais, otimiza\u00e7\u00e3o no uso de \u00e1gua e energia e avalia\u00e7\u00e3o dos impactos ambientais de forma integrada, aumentando a confiabilidade do processo, minimizando riscos de eventos acidentais e buscando reduzir os custos operacionais.<\/p>\n<p>Desenvolvemos estudos e projetos que impactam diretamente na efici\u00eancia e produtividade dos equipamentos, instala\u00e7\u00f5es existentes ou novas unidades, tais como:<\/p>\n<ul>\n<li>Estudos de riscos (qualitativo e quantitativo);<\/li>\n<li>Suporte t\u00e9cnico para obten\u00e7\u00e3o de m\u00e1xima efici\u00eancia poss\u00edvel na opera\u00e7\u00e3o dos equipamentos;<\/li>\n<li>Implanta\u00e7\u00e3o de melhorias com an\u00e1lise detalhada de fatores que levam a perda de produtividade por acidentes e paradas n\u00e3o programadas;<\/li>\n<li>Estudos t\u00e9cnicos espec\u00edficos para aumento de desempenho nos processos industriais, equipamentos, sistemas de utilidades;<\/li>\n<li>Treinamento e capacita\u00e7\u00e3o de equipes para melhorar o entendimento das rela\u00e7\u00f5es de causa e efeito nos processos;<\/li>\n<li>Identifica\u00e7\u00e3o, c\u00e1lculo e indica\u00e7\u00e3o de alternativas para redu\u00e7\u00e3o de custos de opera\u00e7\u00e3o e manuten\u00e7\u00e3o;<\/li>\n<li>Medi\u00e7\u00e3o e avalia\u00e7\u00e3o dos resultados obtidos nas opera\u00e7\u00f5es industriais e proposi\u00e7\u00e3o de melhorias t\u00e9cnica e economicamente vi\u00e1veis;<\/li>\n<li>Estudos e projetos para otimiza\u00e7\u00e3o de energia t\u00e9rmica;<\/li>\n<li>Meio ambiente (Licenciamento e regulariza\u00e7\u00e3o ambiental, investiga\u00e7\u00e3o e remedia\u00e7\u00e3o de \u00e1reas contaminadas, auditorias, sistema de gest\u00e3o ambiental e outros).<\/li>\n<\/ul>\n<p>Os estudos e projetos elaborados pela PSE-FREESOLO s\u00e3o abrangentes o suficiente para permitir que o cliente obtenha a maior efici\u00eancia e confiabilidade na opera\u00e7\u00e3o de seus equipamentos e na unidade como um todo, reduzindo os riscos de insucesso dos projetos.[\/vc_column_text][\/vc_column_inner][\/vc_row_inner][vc_row_inner][vc_column_inner]<div id=\"ultimate-heading-374069dc2ae72370b\" class=\"uvc-heading ult-adjust-bottom-margin ultimate-heading-374069dc2ae72370b uvc-3306 \" data-hspacer=\"line_only\"  data-halign=\"left\" style=\"text-align:left\"><div class=\"uvc-main-heading ult-responsive\"  data-ultimate-target='.uvc-heading.ultimate-heading-374069dc2ae72370b h3'  data-responsive-json-new='{\"font-size\":\"desktop:30px;\",\"line-height\":\"\"}' ><h3 style=\"font-family:&#039;Roboto&#039;;font-weight:300;margin-bottom:10px;\">Equipe<\/h3><\/div><div class=\"uvc-heading-spacer line_only\" style=\"margin-bottom:30px;height:2px;\"><span class=\"uvc-headings-line\" style=\"border-style:solid;border-bottom-width:2px;border-color:#de8760;width:50px;\"><\/span><\/div><\/div>[vc_column_text]Nossa equipe \u00e9 formada por profissionais com mais de 30 anos de experi\u00eancia nas \u00e1reas de engenharia (qu\u00edmica, el\u00e9trica e civil) com especializa\u00e7\u00e3o em seguran\u00e7a de processos industriais, efici\u00eancia energ\u00e9tica e meio ambiente. Com viv\u00eancia profissional em ind\u00fastrias (Agroind\u00fastria, Alimentos, Fertilizantes, Petroqu\u00edmicas, Qu\u00edmicas, Papel &amp; Celulose), minera\u00e7\u00e3o, empresa de consultoria multinacional, saneamento b\u00e1sico, dentre outras, nossos consultores est\u00e3o capacitados para entender o processo do cliente e entregar a solu\u00e7\u00e3o mais adequada para cada situa\u00e7\u00e3o. Sempre que necess\u00e1rio, outros consultores especialistas podem ser envolvidos nos projetos, assim como empresas parceiras para servi\u00e7os complementares espec\u00edficos, sempre sob a coordena\u00e7\u00e3o e gest\u00e3o direta na equipe PSE-FREESOLO.[\/vc_column_text][\/vc_column_inner][\/vc_row_inner]<div class=\"ult-spacer spacer-69dc2ae72373a\" data-id=\"69dc2ae72373a\" data-height=\"20\" data-height-mobile=\"20\" data-height-tab=\"20\" data-height-tab-portrait=\"\" data-height-mobile-landscape=\"\" style=\"clear:both;display:block;\"><\/div>[\/vc_column][\/vc_row][vc_row centered=&#8221;yes&#8221; sd_margin_bottom=&#8221;0px&#8221;][vc_column][vc_row_inner css=&#8221;.vc_custom_1444682544930{margin-bottom: 0px !important;}&#8221;][vc_column_inner width=&#8221;1\/2&#8243;]\t\t\t\t\t<style type = \"text\/css\" scoped>\n\t\t\t\t.sd-info-table-288 p {\n\t\t\t\t\tcolor: #565d66;\n\t\t\t\t}\n\t\t\t<\/style>\n\t\t\t\t<div class=\"sd-info-table sd-info-table-288\" >\n\t\t\t<span class=\"sd-info-table-header\" style=\"background-color:#de8760;\"><\/span>\n\t\t\t<div class=\"sd-info-table-wrapper\">\n\t\t\t\t<div class=\"sd-info-table-icon\">\n\t\t\t\t\t\t\t\t\t\t\t\t\t\t\t\t<img loading=\"lazy\" decoding=\"async\" width=\"150\" height=\"150\" src=\"https:\/\/freesolo.com.br\/pse-freesolo\/wp-content\/uploads\/2016\/11\/equipe-harlei-1.png\" class=\"attachment-thumbnail size-thumbnail\" alt=\"\" srcset=\"https:\/\/freesolo.com.br\/pse-freesolo\/wp-content\/uploads\/2016\/11\/equipe-harlei-1.png 150w, https:\/\/freesolo.com.br\/pse-freesolo\/wp-content\/uploads\/2016\/11\/equipe-harlei-1-70x70.png 70w, https:\/\/freesolo.com.br\/pse-freesolo\/wp-content\/uploads\/2016\/11\/equipe-harlei-1-60x60.png 60w\" sizes=\"auto, (max-width: 150px) 100vw, 150px\" \/>\t\t\t\t\t\t\t\t\t<\/div>\n\t\t\t\t<!-- sd-info-table-icon -->\n\t\t\t\t<h2 style=\"color:#de8760;\">Harlei Siquieroli<\/h2>\n\t\t\t\t<p>Engenheiro\u00a0 Qu\u00edmico formado pela Universidade Federal de Uberl\u00e2ndia, MG-1984, grande experi\u00eancia profissional e especialista em An\u00e1lise de Riscos de Processos industriais, Infraestrutura e Energia (T\u00e9rmica-Biomassa).\u00a0 Com experi\u00eancia industrial de mais de 30 anos em Engenharia de Processo, Projetos e Seguran\u00e7a de Processos em ind\u00fastrias Petroqu\u00edmicas, Qu\u00edmica, Minera\u00e7\u00e3o, Fertilizantes, Energia, G\u00e1s Natural, Biomassa e simula\u00e7\u00e3o com uso de Softwares como EFFECTS, DAMAGE, BOWTIE XP e PHA PRO 8.<\/p>\n<p style=\"text-align: center;\">S\u00f3cio-Diretor, \u00a0PSE Engenharia e Seguran\u00e7a de Processos Ltda<\/p>\n\t\t\t\t\t\t\t<\/div>\t\t\n\t\t<\/div>\n\t\t<!-- sd-info-table -->\n\t\t\n\t\n<div class=\"ult-spacer spacer-69dc2ae723aaf\" data-id=\"69dc2ae723aaf\" data-height=\"0\" data-height-mobile=\"30\" data-height-tab=\"\" data-height-tab-portrait=\"\" data-height-mobile-landscape=\"30\" style=\"clear:both;display:block;\"><\/div>[\/vc_column_inner][vc_column_inner width=&#8221;1\/2&#8243;]\t\t\t\t\t<style type = \"text\/css\" scoped>\n\t\t\t\t.sd-info-table-421 p {\n\t\t\t\t\tcolor: #565d66;\n\t\t\t\t}\n\t\t\t<\/style>\n\t\t\t\t<div class=\"sd-info-table sd-info-table-421\" style=\"background-color:#eaeaea;\">\n\t\t\t<span class=\"sd-info-table-header\" style=\"background-color:#de8760;\"><\/span>\n\t\t\t<div class=\"sd-info-table-wrapper\">\n\t\t\t\t<div class=\"sd-info-table-icon\">\n\t\t\t\t\t\t\t\t\t\t\t\t\t\t\t\t<img loading=\"lazy\" decoding=\"async\" width=\"150\" height=\"150\" src=\"https:\/\/freesolo.com.br\/pse-freesolo\/wp-content\/uploads\/2016\/11\/equipe-paulo-1.png\" class=\"attachment-thumbnail size-thumbnail\" alt=\"\" srcset=\"https:\/\/freesolo.com.br\/pse-freesolo\/wp-content\/uploads\/2016\/11\/equipe-paulo-1.png 150w, https:\/\/freesolo.com.br\/pse-freesolo\/wp-content\/uploads\/2016\/11\/equipe-paulo-1-70x70.png 70w, https:\/\/freesolo.com.br\/pse-freesolo\/wp-content\/uploads\/2016\/11\/equipe-paulo-1-60x60.png 60w\" sizes=\"auto, (max-width: 150px) 100vw, 150px\" \/>\t\t\t\t\t\t\t\t\t<\/div>\n\t\t\t\t<!-- sd-info-table-icon -->\n\t\t\t\t<h2 style=\"color:#de8760;\">Paulo Stuckenbruck<\/h2>\n\t\t\t\t<p class=\"m_-7835369173134505995MsoListParagraphCxSpLast\">Engenheiro Qu\u00edmico formado pela UFRRJ, RJ-1980, Mestrado em Qu\u00edmica (MSc) pela UFRJ, RJ-1990, MBA em Gest\u00e3o Estrat\u00e9gica Empresarial pela FIA\/FEA\/USP, SP-2000 e p\u00f3s-graduado em Meio Ambiente pela Faculdade Pit\u00e1goras, MG-2010. Experi\u00eancia profissional em Estudos de Riscos, Engenharia de Processos, Gest\u00e3o de Laborat\u00f3rios e especialista em Estudos Ambientais (\u00c1reas Contaminadas, Res\u00edduos S\u00f3lidos, Auditoria Ambiental e Licenciamentos), Perito Judicial Ambiental e\u00a0 Auditor L\u00edder de Sistemas de Gest\u00e3o Ambiental pela Norma ISO14001.<\/p>\n<p class=\"m_-7835369173134505995MsoListParagraphCxSpLast\" style=\"text-align: center;\">S\u00f3cio-Diretor, \u00a0Freesolo Ltda<\/p>\n\t\t\t\t\t\t\t<\/div>\t\t\n\t\t<\/div>\n\t\t<!-- sd-info-table -->\n\t\t\n\t\n[\/vc_column_inner][\/vc_row_inner]<div class=\"ult-spacer spacer-69dc2ae723ce1\" data-id=\"69dc2ae723ce1\" data-height=\"70\" data-height-mobile=\"70\" data-height-tab=\"70\" data-height-tab-portrait=\"\" data-height-mobile-landscape=\"\" style=\"clear:both;display:block;\"><\/div>[\/vc_column][\/vc_row]<\/p>\n<\/div>","protected":false},"excerpt":{"rendered":"<p>[vc_row centered=&#8221;yes&#8221; bg_type=&#8221;image&#8221; parallax_style=&#8221;vcpb-default&#8221; bg_image_new=&#8221;id^1762|url^http:\/\/freesolo.com.br\/pse-freesolo\/wp-content\/uploads\/2016\/11\/banner-pse-quem-somos.jpg|caption^null|alt^null|title^banner-pse-quem-somos|description^null&#8221; bg_image_repeat=&#8221;no-repeat&#8221; bg_image_size=&#8221;initial&#8221; bg_image_posiiton=&#8221;center left&#8221; padding_top=&#8221;115px&#8221; padding_bottom=&#8221;115px&#8221; sd_margin_bottom=&#8221;0px&#8221;][vc_column][\/vc_column][\/vc_row][vc_row centered=&#8221;yes&#8221; sd_margin_bottom=&#8221;0px&#8221;][vc_column][vc_row_inner][vc_column_inner][vc_column_text]A PSE-FREESOLO surgiu da uni\u00e3o das empresas PSE Engenharia e Seguran\u00e7a de Processos Ltda e\u00a0FREESOLO Ltda, que decidiram reunir a experi\u00eancia de suas equipes adquiridas ao longo de mais de 30 anos de viv\u00eancia profissional em ind\u00fastrias,<\/p>\n<div class=\"sd-more-wrapper\">\n<p><a class=\"sd-more sd-opacity-trans\" href=\"https:\/\/freesolo.com.br\/pse-freesolo\/inicio\/quem-somos\/#more-253\">Ler Mais<\/a><\/p>\n<\/div>\n","protected":false},"author":1,"featured_media":0,"parent":21,"menu_order":0,"comment_status":"open","ping_status":"closed","template":"full-width-page.php","meta":{"_exactmetrics_skip_tracking":false,"_exactmetrics_sitenote_active":false,"_exactmetrics_sitenote_note":"","_exactmetrics_sitenote_category":0,"footnotes":""},"class_list":["post-253","page","type-page","status-publish","hentry"],"_links":{"self":[{"href":"https:\/\/freesolo.com.br\/pse-freesolo\/wp-json\/wp\/v2\/pages\/253","targetHints":{"allow":["GET"]}}],"collection":[{"href":"https:\/\/freesolo.com.br\/pse-freesolo\/wp-json\/wp\/v2\/pages"}],"about":[{"href":"https:\/\/freesolo.com.br\/pse-freesolo\/wp-json\/wp\/v2\/types\/page"}],"author":[{"embeddable":true,"href":"https:\/\/freesolo.com.br\/pse-freesolo\/wp-json\/wp\/v2\/users\/1"}],"replies":[{"embeddable":true,"href":"https:\/\/freesolo.com.br\/pse-freesolo\/wp-json\/wp\/v2\/comments?post=253"}],"version-history":[{"count":52,"href":"https:\/\/freesolo.com.br\/pse-freesolo\/wp-json\/wp\/v2\/pages\/253\/revisions"}],"predecessor-version":[{"id":1932,"href":"https:\/\/freesolo.com.br\/pse-freesolo\/wp-json\/wp\/v2\/pages\/253\/revisions\/1932"}],"up":[{"embeddable":true,"href":"https:\/\/freesolo.com.br\/pse-freesolo\/wp-json\/wp\/v2\/pages\/21"}],"wp:attachment":[{"href":"https:\/\/freesolo.com.br\/pse-freesolo\/wp-json\/wp\/v2\/media?parent=253"}],"curies":[{"name":"wp","href":"https:\/\/api.w.org\/{rel}","templated":true}]}}